{"id":4951,"date":"2024-01-09T17:59:29","date_gmt":"2024-01-09T23:59:29","guid":{"rendered":"https:\/\/etnografia.inah.gob.mx\/?page_id=4951"},"modified":"2024-01-10T12:34:51","modified_gmt":"2024-01-10T18:34:51","slug":"seminario-ecosalud-medio-ambiente-cultura-y-alimentacion-en-torno-a-creel-chihuahua","status":"publish","type":"page","link":"https:\/\/etnografia.inah.gob.mx\/?page_id=4951","title":{"rendered":"Seminario Ecosalud, medio ambiente, cultura y alimentaci\u00f3n en torno a Creel Chihuahua."},"content":{"rendered":"<div data-colibri-id=\"4951-c1\" class=\"style-2120 style-local-4951-c1 position-relative\">\n  <!---->\n  <div data-colibri-component=\"section\" data-colibri-id=\"4951-c2\" id=\"reusable-sections\" class=\"h-section h-section-global-spacing d-flex align-items-lg-center align-items-md-center align-items-center style-2134 style-local-4951-c2 position-relative\">\n    <!---->\n    <!---->\n    <div class=\"h-section-grid-container h-section-boxed-container\">\n      <!---->\n      <div data-colibri-id=\"4951-c3\" class=\"h-row-container gutters-row-lg-0 gutters-row-md-0 gutters-row-0 gutters-row-v-lg-0 gutters-row-v-md-0 gutters-row-v-0 style-2135 style-local-4951-c3 position-relative\">\n        <!---->\n        <div class=\"h-row justify-content-lg-center justify-content-md-center justify-content-center align-items-lg-stretch align-items-md-stretch align-items-stretch gutters-col-lg-0 gutters-col-md-0 gutters-col-0 gutters-col-v-lg-0 gutters-col-v-md-0 gutters-col-v-0\">\n          <!---->\n          <div class=\"h-column h-column-container d-flex h-col-lg-auto h-col-md-auto h-col-auto style-2136-outer style-local-4951-c4-outer\">\n            <div data-colibri-id=\"4951-c4\" class=\"d-flex h-flex-basis h-column__inner h-px-lg-0 h-px-md-0 h-px-0 v-inner-lg-0 v-inner-md-0 v-inner-0 style-2136 style-local-4951-c4 position-relative\">\n              <!---->\n              <!---->\n              <div class=\"w-100 h-y-container h-column__content h-column__v-align flex-basis-auto align-self-lg-center align-self-md-center align-self-center\">\n                <!---->\n                <div data-colibri-id=\"4951-c5\" class=\"h-text h-text-component style-2138 style-local-4951-c5 position-relative h-element\">\n                  <!---->\n                  <!---->\n                  <div class=\"\">\n                    <p><span style=\"font-family: Montserrat; font-size: 131%; color: rgb(0, 0, 0); font-weight: 500;\">Como parte de las actividades del proyecto: Eco-salud, alimentaci\u00f3n y estrategias adaptativas en la sierra Tarahumara, PRONE, se plante\u00f3 el dise\u00f1o e implementaci\u00f3n de un seminario&nbsp;Interdisciplinario, donde se aborden tem\u00e1ticas de ecolog\u00eda, salud y alimentaci\u00f3n en la Sierra Tarahumara, en el que participar\u00e1n diversos actores de distintos \u00e1mbitos (localidad, acad\u00e9micos, asociaciones civiles y servidores p\u00fablicos) que est\u00e9n involucrados en estas problem\u00e1ticas dentro de la localidad y\/o en otras localidades de la sierra, con el fin de ir creando una red agentes interesados en participar en los talleres. <\/span><\/p>\n                    <p><span style=\"font-family: Montserrat; font-size: 131%; color: rgb(0, 0, 0); font-weight: 700;\">Objetivos:<\/span><\/p>\n                    <p><span style=\"font-family: Montserrat; font-size: 131%; color: rgb(0, 0, 0); font-weight: 500;\">Compartir y exponer experiencias en el reconocimiento, descripci\u00f3n y an\u00e1lisis de las interacciones entre el ecosistema y el sistema social de los grupos humanos que habitan en la localidad de Creel, municipio de Bocoyna Chihuahua y en otras comunidades o localidades de la Sierra Tarahumara, tomando como eje la alimentaci\u00f3n como proceso biocultural complejo y determinante clave en la sobrevivencia y salud de los grupos humanos.<\/span><\/p>\n                    <p><span style=\"font-family: Montserrat; font-size: 131%; color: rgb(0, 0, 0); font-weight: 500;\">En estas experiencias se buscar\u00e1 espec\u00edficamente exponer casos:<\/span><\/p>\n                    <p><span style=\"font-family: Montserrat; font-size: 131%; color: rgb(0, 0, 0); font-weight: 500;\">\u2022&nbsp;&nbsp;&nbsp;&nbsp;&nbsp;&nbsp;&nbsp;&nbsp;Sobre la interacci\u00f3n entre los sistemas a trav\u00e9s del uso de servicios de provisi\u00f3n b\u00e1sicos para la vida (agua y alimento) que tienen los grupos humanos que habitan en Creel y\/o otras comunidades de la Tarahumara. <\/span><\/p>\n                    <p><span style=\"font-family: Montserrat; font-size: 131%; color: rgb(0, 0, 0); font-weight: 500;\">\u2022&nbsp;&nbsp;&nbsp;&nbsp;&nbsp;&nbsp;&nbsp;&nbsp;Que describan el consumo alimenticio y la condici\u00f3n nutricia y analizar si existen diferencias entre grupos<\/span><\/p>\n                    <p><span style=\"font-family: Montserrat; font-size: 131%; color: rgb(0, 0, 0); font-weight: 500;\">\u2022&nbsp;&nbsp;&nbsp;&nbsp;&nbsp;&nbsp;&nbsp;&nbsp;Que reconozcan la diversidad cultural y de saberes tradicionales por cada grupo cultural como alternativa sustentable de la alimentaci\u00f3n y atenci\u00f3n a la salud.<\/span><\/p>\n                    <p><strong style=\"font-family: Montserrat; font-size: 131%; color: rgb(0, 0, 0); font-weight: 700;\">Fechas del seminario 2023<\/strong><\/p>\n                    <p><span style=\"font-family: Montserrat; font-size: 131%; color: rgb(0, 0, 0); font-weight: 500;\">Sesi\u00f3n 1 &#8211; 25 de abril. Perspectiva de ecosalud desde la antropolog\u00eda: Proyecto Ecosalud, alimentaci\u00f3n y estrategias adaptativas en la sierra Tarahumara. <\/span><\/p>\n                    <p><span style=\"font-family: Montserrat; font-size: 131%; color: rgb(0, 0, 0); font-weight: 500;\">Sesi\u00f3n 2 &#8211; 23 de mayo.&nbsp;Caracterizaci\u00f3n hist\u00f3rico &#8211; etnogr\u00e1fica de Creel, Chihuahua: Conflictos socioambientales y formas sociales locales de resistencia. <\/span><\/p>\n                    <p><span style=\"font-family: Montserrat; font-size: 131%; color: rgb(0, 0, 0); font-weight: 500;\">Sesi\u00f3n 3 &#8211; 27 de junio. Observatorio de conflictos socioambientales, Chihuahua. La experiencia del gasoducto en Mog\u00f3tavo.<\/span><\/p>\n                    <p><span style=\"font-family: Montserrat; font-size: 131%; color: rgb(0, 0, 0); font-weight: 500;\">Sesi\u00f3n 4 &#8211; 29 de agosto. Alimentaci\u00f3n en la tarahumara. Acercamiento desde la perspectiva Ecosalud.&nbsp;<\/span><\/p>\n                    <p><span style=\"font-family: Montserrat; font-size: 131%; color: rgb(0, 0, 0); font-weight: 500;\">Sesi\u00f3n 5 &#8211; 26 de septiembre. Saberes locales: agua y alimentaci\u00f3n en la Tarahumara. <\/span><\/p>\n                    <p><span style=\"font-family: Montserrat; font-size: 131%; color: rgb(0, 0, 0); font-weight: 500;\">Sesi\u00f3n 6 &#8211; Alimentaci\u00f3n, salud y cultura: etnoalimentaci\u00f3n en la Tarahumara.<\/span><\/p>\n                  <\/div>\n                <\/div>\n              <\/div>\n            <\/div>\n          <\/div>\n        <\/div>\n      <\/div>\n    <\/div>\n  <\/div>\n  <div data-colibri-component=\"section\" data-colibri-id=\"4951-c6\" id=\"reusable-sections-2\" class=\"h-section h-section-global-spacing d-flex align-items-lg-center align-items-md-center align-items-center style-2144 style-local-4951-c6 position-relative\">\n    <!---->\n    <!---->\n    <div class=\"h-section-grid-container h-section-boxed-container\">\n      <!---->\n      <div data-colibri-id=\"4951-c7\" class=\"h-row-container gutters-row-lg-2 gutters-row-md-2 gutters-row-0 gutters-row-v-lg-2 gutters-row-v-md-2 gutters-row-v-2 style-2145 style-local-4951-c7 position-relative\">\n        <!---->\n        <div class=\"h-row justify-content-lg-center justify-content-md-center justify-content-center align-items-lg-stretch align-items-md-stretch align-items-stretch gutters-col-lg-2 gutters-col-md-2 gutters-col-0 gutters-col-v-lg-2 gutters-col-v-md-2 gutters-col-v-2\">\n          <!---->\n          <div class=\"h-column h-column-container d-flex h-col-lg-12 h-col-md-12 h-col-12 style-2146-outer style-local-4951-c8-outer\">\n            <div data-colibri-id=\"4951-c8\" class=\"d-flex h-flex-basis h-column__inner h-px-lg-2 h-px-md-2 h-px-2 v-inner-lg-2 v-inner-md-2 v-inner-2 style-2146 style-local-4951-c8 position-relative\">\n              <!---->\n              <!---->\n              <div class=\"w-100 h-y-container h-column__content h-column__v-align flex-basis-100 align-self-lg-center align-self-md-center align-self-center\">\n                <!---->\n                <div data-colibri-id=\"4951-c9\" class=\"h-text h-text-component style-2147 style-local-4951-c9 position-relative h-element\">\n                  <!---->\n                  <!---->\n                  <div class=\"\">\n                    <p><span style=\"font-weight: 800; font-size: 139%; color: rgb(0, 0, 0); font-family: Montserrat;\">Transmisiones<\/span><\/p>\n                  <\/div>\n                <\/div>\n              <\/div>\n            <\/div>\n          <\/div>\n        <\/div>\n      <\/div>\n      <div data-colibri-id=\"4951-c10\" class=\"h-row-container gutters-row-lg-1 gutters-row-md-1 gutters-row-0 gutters-row-v-lg-1 gutters-row-v-md-1 gutters-row-v-1 style-2148 style-local-4951-c10 position-relative\">\n        <!---->\n        <div class=\"h-row justify-content-lg-center justify-content-md-center justify-content-center align-items-lg-stretch align-items-md-stretch align-items-stretch gutters-col-lg-1 gutters-col-md-1 gutters-col-0 gutters-col-v-lg-1 gutters-col-v-md-1 gutters-col-v-1\">\n          <!---->\n          <div class=\"h-column h-column-container d-flex h-col-lg-4 h-col-md-4 h-col-12 style-2149-outer style-local-4951-c11-outer\">\n            <div data-colibri-id=\"4951-c11\" class=\"d-flex h-flex-basis h-column__inner h-px-lg-1 h-px-md-1 h-px-1 v-inner-lg-1 v-inner-md-1 v-inner-1 style-2149 style-local-4951-c11 position-relative\">\n              <!---->\n              <!---->\n              <div class=\"w-100 h-y-container h-column__content h-column__v-align flex-basis-100 align-self-lg-start align-self-md-start align-self-start\">\n                <!---->\n                <div data-colibri-component=\"video\" data-colibri-id=\"4951-c12\" class=\"d-block h-video d-block h-video style-2150 style-local-4951-c12 position-relative h-element\">\n                  <!---->\n                  <!---->\n                  <div class=\"video-container position-relative\">\n                    <div class=\"h-global-transition-all ratio-inner\"><iframe src=https:\/\/www.youtube.com\/embed\/XtU3By0kkyE?autoplay=0&#038;mute=0&#038;modestbranding=0&#038;rel=0&#038;enablejsapi=1&#038; class='h-video-main'  allowfullscreen><\/iframe><\/div>\n                  <\/div>\n                <\/div>\n                <div data-colibri-component=\"video\" data-colibri-id=\"4951-c27\" class=\"d-block h-video d-block h-video style-2150 style-local-4951-c27 position-relative h-element\">\n                  <!---->\n                  <!---->\n                  <div class=\"video-container position-relative\">\n                    <div class=\"h-global-transition-all ratio-inner\"><iframe src=https:\/\/www.youtube.com\/embed\/T_hcuze__vY?autoplay=0&#038;mute=0&#038;modestbranding=0&#038;rel=0&#038;enablejsapi=1&#038; class='h-video-main'  allowfullscreen><\/iframe><\/div>\n                  <\/div>\n                <\/div>\n              <\/div>\n            <\/div>\n          <\/div>\n          <div class=\"h-column h-column-container d-flex h-col-lg-4 h-col-md-4 h-col-12 style-2152-outer style-local-4951-c14-outer\">\n            <div data-colibri-id=\"4951-c14\" class=\"d-flex h-flex-basis h-column__inner h-px-lg-1 h-px-md-1 h-px-1 v-inner-lg-1 v-inner-md-1 v-inner-1 style-2152 style-local-4951-c14 position-relative\">\n              <!---->\n              <!---->\n              <div class=\"w-100 h-y-container h-column__content h-column__v-align flex-basis-100 align-self-lg-start align-self-md-start align-self-start\">\n                <!---->\n                <div data-colibri-component=\"video\" data-colibri-id=\"4951-c15\" class=\"d-block h-video d-block h-video style-2153 style-local-4951-c15 position-relative h-element\">\n                  <!---->\n                  <!---->\n                  <div class=\"video-container position-relative\">\n                    <div class=\"h-global-transition-all ratio-inner\"><iframe src=https:\/\/www.youtube.com\/embed\/jIXjdvtoEjQ?autoplay=0&#038;mute=0&#038;modestbranding=0&#038;rel=0&#038;enablejsapi=1&#038; class='h-video-main'  allowfullscreen><\/iframe><\/div>\n                  <\/div>\n                <\/div>\n                <div data-colibri-component=\"video\" data-colibri-id=\"4951-c25\" class=\"d-block h-video d-block h-video style-2153 style-local-4951-c25 position-relative h-element\">\n                  <!---->\n                  <!---->\n                  <div class=\"video-container position-relative\">\n                    <div class=\"h-global-transition-all ratio-inner\"><iframe src=https:\/\/www.youtube.com\/embed\/4FTPygTakoc?autoplay=0&#038;mute=0&#038;modestbranding=0&#038;rel=0&#038;enablejsapi=1&#038; class='h-video-main'  allowfullscreen><\/iframe><\/div>\n                  <\/div>\n                <\/div>\n              <\/div>\n            <\/div>\n          <\/div>\n          <div class=\"h-column h-column-container d-flex h-col-lg-4 h-col-md-4 h-col-12 style-2155-outer style-local-4951-c17-outer\">\n            <div data-colibri-id=\"4951-c17\" class=\"d-flex h-flex-basis h-column__inner h-px-lg-1 h-px-md-1 h-px-1 v-inner-lg-1 v-inner-md-1 v-inner-1 style-2155 style-local-4951-c17 position-relative\">\n              <!---->\n              <!---->\n              <div class=\"w-100 h-y-container h-column__content h-column__v-align flex-basis-100 align-self-lg-start align-self-md-start align-self-start\">\n                <!---->\n                <div data-colibri-component=\"video\" data-colibri-id=\"4951-c18\" class=\"d-block h-video d-block h-video style-2156 style-local-4951-c18 position-relative h-element\">\n                  <!---->\n                  <!---->\n                  <div class=\"video-container position-relative\">\n                    <div class=\"h-global-transition-all ratio-inner\"><iframe src=https:\/\/www.youtube.com\/embed\/U12Lw--r6uk?autoplay=0&#038;mute=0&#038;modestbranding=0&#038;rel=0&#038;enablejsapi=1&#038; class='h-video-main'  allowfullscreen><\/iframe><\/div>\n                  <\/div>\n                <\/div>\n                <div data-colibri-component=\"video\" data-colibri-id=\"4951-c23\" class=\"d-block h-video d-block h-video style-2156 style-local-4951-c23 position-relative h-element\">\n                  <!---->\n                  <!---->\n                  <div class=\"video-container position-relative\">\n                    <div class=\"h-global-transition-all ratio-inner\"><iframe src=https:\/\/www.youtube.com\/embed\/uYmQKsoA_8Y?autoplay=0&#038;mute=0&#038;modestbranding=0&#038;rel=0&#038;enablejsapi=1&#038; class='h-video-main'  allowfullscreen><\/iframe><\/div>\n                  <\/div>\n                <\/div>\n              <\/div>\n            <\/div>\n          <\/div>\n        <\/div>\n      <\/div>\n    <\/div>\n  <\/div>\n<\/div>","protected":false},"excerpt":{"rendered":"<p>Como parte de las actividades del proyecto: Eco-salud, alimentaci\u00f3n y estrategias adaptativas en la sierra Tarahumara, PRONE, se plante\u00f3 el dise\u00f1o e implementaci\u00f3n de un seminario&nbsp;Interdisciplinario, donde se aborden tem\u00e1ticas de ecolog\u00eda, salud y alimentaci\u00f3n en la Sierra Tarahumara, en el que participar\u00e1n diversos actores de distintos \u00e1mbitos (localidad, acad\u00e9micos, asociaciones civiles y servidores p\u00fablicos) [&hellip;]<\/p>\n","protected":false},"author":1,"featured_media":0,"parent":0,"menu_order":0,"comment_status":"closed","ping_status":"closed","template":"page-templates\/full-width-page.php","meta":{"footnotes":""},"class_list":["post-4951","page","type-page","status-publish","hentry"],"_links":{"self":[{"href":"https:\/\/etnografia.inah.gob.mx\/index.php?rest_route=\/wp\/v2\/pages\/4951","targetHints":{"allow":["GET"]}}],"collection":[{"href":"https:\/\/etnografia.inah.gob.mx\/index.php?rest_route=\/wp\/v2\/pages"}],"about":[{"href":"https:\/\/etnografia.inah.gob.mx\/index.php?rest_route=\/wp\/v2\/types\/page"}],"author":[{"embeddable":true,"href":"https:\/\/etnografia.inah.gob.mx\/index.php?rest_route=\/wp\/v2\/users\/1"}],"replies":[{"embeddable":true,"href":"https:\/\/etnografia.inah.gob.mx\/index.php?rest_route=%2Fwp%2Fv2%2Fcomments&post=4951"}],"version-history":[{"count":3,"href":"https:\/\/etnografia.inah.gob.mx\/index.php?rest_route=\/wp\/v2\/pages\/4951\/revisions"}],"predecessor-version":[{"id":4972,"href":"https:\/\/etnografia.inah.gob.mx\/index.php?rest_route=\/wp\/v2\/pages\/4951\/revisions\/4972"}],"wp:attachment":[{"href":"https:\/\/etnografia.inah.gob.mx\/index.php?rest_route=%2Fwp%2Fv2%2Fmedia&parent=4951"}],"curies":[{"name":"wp","href":"https:\/\/api.w.org\/{rel}","templated":true}]}}