{"id":2600,"date":"2022-04-28T12:03:52","date_gmt":"2022-04-28T17:03:52","guid":{"rendered":"https:\/\/etnografia.convocatoriaprone.mx\/?page_id=2600"},"modified":"2022-05-11T14:12:43","modified_gmt":"2022-05-11T19:12:43","slug":"1-el-patrimonio-cultural-en-riesgo-en-la-cuenca-del-rio-coatzacoalcos-del-istmo-veracruzano-ante-los-procesos-de-industrializacion-y-megaproyectos","status":"publish","type":"page","link":"https:\/\/etnografia.inah.gob.mx\/?page_id=2600","title":{"rendered":"1. El Patrimonio cultural en riesgo en la cuenca del rio Coatzacoalcos del Istmo Veracruzano ante los procesos de industrializaci\u00f3n y megaproyectos"},"content":{"rendered":"<div data-colibri-id=\"2600-c1\" class=\"style-1437 style-local-2600-c1 position-relative\">\n  <!---->\n  <div data-colibri-component=\"section\" data-colibri-id=\"2600-c2\" id=\"reusable-sections\" class=\"h-section h-section-global-spacing d-flex align-items-lg-center align-items-md-center align-items-center style-1438 style-local-2600-c2 position-relative\">\n    <!---->\n    <!---->\n    <div class=\"h-section-grid-container h-section-boxed-container\">\n      <!---->\n      <div data-colibri-id=\"2600-c3\" class=\"h-row-container gutters-row-lg-2 gutters-row-md-2 gutters-row-0 gutters-row-v-lg-2 gutters-row-v-md-2 gutters-row-v-2 style-1439 style-local-2600-c3 position-relative\">\n        <!---->\n        <div class=\"h-row justify-content-lg-center justify-content-md-center justify-content-center align-items-lg-stretch align-items-md-stretch align-items-stretch gutters-col-lg-2 gutters-col-md-2 gutters-col-0 gutters-col-v-lg-2 gutters-col-v-md-2 gutters-col-v-2\">\n          <!---->\n          <div class=\"h-column h-column-container d-flex h-col-lg-auto h-col-md-auto h-col-auto style-1440-outer style-local-2600-c4-outer\">\n            <div data-colibri-id=\"2600-c4\" class=\"d-flex h-flex-basis h-column__inner h-px-lg-2 h-px-md-2 h-px-2 v-inner-lg-2 v-inner-md-2 v-inner-2 style-1440 style-local-2600-c4 position-relative\">\n              <!---->\n              <!---->\n              <div class=\"w-100 h-y-container h-column__content h-column__v-align flex-basis-100 align-self-lg-start align-self-md-start align-self-start\">\n                <!---->\n                <div data-colibri-id=\"2600-c5\" data-aos=\"zoomIn\" class=\"h-text h-text-component style-1441 style-local-2600-c5 position-relative h-element\">\n                  <!---->\n                  <!---->\n                  <div class=\"\">\n                    <p><strong style=\"font-weight: 400; color: rgb(0, 0, 0); font-family: Montserrat, sans-serif; font-size: 98%;\">L\u00ednea de investigaci\u00f3n<em>: Diversidad cultural, identidad y memoria en el contexto de los problemas nacionales<\/em><\/strong><\/p>\n                    <p><strong style=\"font-weight: 400; color: rgb(0, 0, 0); font-family: Montserrat, sans-serif; font-size: 98%;\">Eje: <em>Patrimonios en riesgo y procesos de patrimonializaci\u00f3n<\/em><\/strong><\/p>\n                    <p><strong style=\"font-weight: 400; color: rgb(0, 0, 0); font-family: Montserrat, sans-serif; font-size: 98%;\">Nombre de proyecto: <em>El Patrimonio cultural en riesgo en la cuenca del r\u00edo Coatzacoalcos del Istmo Veracruzano ante los procesos de industrializaci\u00f3n y megaproyectos<\/em><\/strong><\/p>\n                    <p><strong style=\"font-weight: 400; color: rgb(0, 0, 0); font-family: Montserrat, sans-serif; font-size: 98%;\">Palabras clave: <em>Patrimonio, Riesgo, Saberes locales, Territorio, Regi\u00f3n.<\/em><\/strong><\/p>\n                    <p><strong style=\"font-weight: 400; color: rgb(0, 0, 0); font-family: Montserrat, sans-serif; font-size: 98%;\">Este proyecto indaga y reflexiona sobre&nbsp; el patrimonio cultural en riesgo. Dichos conocimientos y saberes, constituidos en patrimonio, son susceptibles de diversos usos e intereses, locales y externos. La documentaci\u00f3n de estas manifestaciones culturales y la realizaci\u00f3n de un diagn\u00f3stico integral en los municipios del sur de Veracruz de Coatzacoalcos, Minatitl\u00e1n, Cosoleacaque y Texistepec, permitir\u00e1 conocer las tem\u00e1ticas que le son significativas y generar pr\u00e1cticas de conservaci\u00f3n.<\/strong><\/p>\n                    <p><strong style=\"font-weight: 400; color: rgb(0, 0, 0); font-family: Montserrat, sans-serif; font-size: 98%;\">Responsable de proyecto<\/strong><\/p>\n                    <p><strong style=\"font-weight: 400; color: rgb(0, 0, 0); font-family: Montserrat, sans-serif; font-size: 98%;\">Manuel Uribe Cruz<\/strong><\/p>\n                    <p><strong style=\"font-weight: 400; color: rgb(0, 0, 0); font-family: Montserrat, sans-serif; font-size: 98%;\">urimanuel@gmail.com<\/strong><\/p>\n                    <p><strong style=\"font-weight: 400; color: rgb(0, 0, 0); font-family: Montserrat, sans-serif; font-size: 98%;\">Centro INAH Veracruz<\/strong><\/p>\n                    <p><strong style=\"font-weight: 400; color: rgb(0, 0, 0); font-family: Montserrat, sans-serif; font-size: 98%;\">Alejandra Pacheco Mamone<\/strong><\/p>\n                    <p><strong style=\"font-weight: 400; color: rgb(0, 0, 0); font-family: Montserrat, sans-serif; font-size: 98%;\">pachecoalina2020@gmail.com<\/strong><\/p>\n                    <p><strong style=\"font-weight: 400; color: rgb(0, 0, 0); font-family: Montserrat, sans-serif; font-size: 98%;\">COLMICH<\/strong><\/p>\n                    <p><strong style=\"font-weight: 400; color: rgb(0, 0, 0); font-family: Montserrat, sans-serif; font-size: 98%;\">&nbsp;Jos\u00e9 Carlos L\u00f3pez L\u00f3pez<\/strong><\/p>\n                    <p><strong style=\"font-weight: 400; color: rgb(0, 0, 0); font-family: Montserrat, sans-serif; font-size: 98%;\">josecarloslopezlopez13@gmail.com<\/strong><\/p>\n                    <p><strong style=\"font-weight: 400; color: rgb(0, 0, 0); font-family: Montserrat, sans-serif; font-size: 98%;\">UAM-Xochimilco<\/strong><\/p>\n                  <\/div>\n                <\/div>\n              <\/div>\n            <\/div>\n          <\/div>\n        <\/div>\n      <\/div>\n    <\/div>\n  <\/div>\n  <div data-colibri-component=\"section\" data-colibri-id=\"2600-c6\" id=\"reusable-sections-2\" class=\"h-section h-section-global-spacing d-flex align-items-lg-center align-items-md-center align-items-center style-1442 style-local-2600-c6 position-relative\">\n    <!---->\n    <!---->\n    <div class=\"h-section-grid-container h-section-boxed-container\">\n      <!---->\n      <div data-colibri-id=\"2600-c7\" class=\"h-row-container gutters-row-lg-2 gutters-row-md-2 gutters-row-0 gutters-row-v-lg-2 gutters-row-v-md-2 gutters-row-v-2 style-1443 style-local-2600-c7 position-relative\">\n        <!---->\n        <div class=\"h-row justify-content-lg-center justify-content-md-center justify-content-center align-items-lg-stretch align-items-md-stretch align-items-stretch gutters-col-lg-2 gutters-col-md-2 gutters-col-0 gutters-col-v-lg-2 gutters-col-v-md-2 gutters-col-v-2\">\n          <!---->\n          <div class=\"h-column h-column-container d-flex h-col-lg-auto h-col-md-auto h-col-auto style-1444-outer style-local-2600-c8-outer\">\n            <div data-colibri-id=\"2600-c8\" class=\"d-flex h-flex-basis h-column__inner h-px-lg-2 h-px-md-2 h-px-2 v-inner-lg-2 v-inner-md-2 v-inner-2 style-1444 style-local-2600-c8 position-relative\">\n              <!---->\n              <!---->\n              <div class=\"w-100 h-y-container h-column__content h-column__v-align flex-basis-100 align-self-lg-start align-self-md-start align-self-start\">\n                <!---->\n                <div data-colibri-component=\"masonry\" data-colibri-id=\"2600-c9\" class=\"h-photo-gallery margin-none caption-overImage full-width caption-vertical-align-bottom photo-gallery--with-hover-effect photo-gallery--with-hover-effect--glow style-1445 style-local-2600-c9 position-relative h-element\">\n                  <!---->\n                  <div class=\"h-global-transition-all caption-wrapper-full\"><div id='colibri-2600-c9' class='gallery-wrapper'>    <style type=\"text\/css\">\n\n        @media (min-width: 1023px) {        #colibri-2600-c9        dl {\n            float: left;\n            width: 33.333333333333% !important;\n            max-width: 33.333333333333% !important;\n            min-width: 33.333333333333% !important;\n        }\n\n        #colibri-2600-c9        dl:nth-of-type(3n +1 ) {\n            clear: both;\n        }\n\n        }@media (min-width: 768px) and (max-width: 1023px) {        #colibri-2600-c9        dl {\n            float: left;\n            width: 33.333333333333% !important;\n            max-width: 33.333333333333% !important;\n            min-width: 33.333333333333% !important;\n        }\n\n        #colibri-2600-c9        dl:nth-of-type(3n +1 ) {\n            clear: both;\n        }\n\n        }@media (max-width: 767px) {        #colibri-2600-c9        dl {\n            float: left;\n            width: 33.333333333333% !important;\n            max-width: 33.333333333333% !important;\n            min-width: 33.333333333333% !important;\n        }\n\n        #colibri-2600-c9        dl:nth-of-type(3n +1 ) {\n            clear: both;\n        }\n\n        }\n        #colibri-2600-c9        .gallery-item {\n            position: relative;\n        }\n\n        \n    <\/style>\n    <div   class='colibri-2600-c9-dls-wrapper gallery-items-wrapper' ><dl class='gallery-item masonry-item'>\n\t\t\t<dt class='gallery-icon portrait'>\n\t\t\t\t<a data-fancybox=\"colibri-2600-c9-group\" href='https:\/\/etnografia.inah.gob.mx\/wp-content\/uploads\/2022\/05\/Gonzalez-M.-2014-Casa-en-Santa-Alejandrina-Fotografia-Santa-Alejandrina.jpg'><img loading=\"lazy\" decoding=\"async\"  width=\"225\" height=\"300\" src=\"https:\/\/etnografia.inah.gob.mx\/wp-content\/uploads\/2022\/05\/Gonzalez-M.-2014-Casa-en-Santa-Alejandrina-Fotografia-Santa-Alejandrina-225x300.jpg\"  class='colibri-2600-c9-image' alt=\"\" aria-describedby=\"gallery-1-3053\" srcset=\"https:\/\/etnografia.inah.gob.mx\/wp-content\/uploads\/2022\/05\/Gonzalez-M.-2014-Casa-en-Santa-Alejandrina-Fotografia-Santa-Alejandrina-225x300.jpg 225w, https:\/\/etnografia.inah.gob.mx\/wp-content\/uploads\/2022\/05\/Gonzalez-M.-2014-Casa-en-Santa-Alejandrina-Fotografia-Santa-Alejandrina.jpg 720w\" sizes=\"auto, (max-width: 225px) 100vw, 225px\" \/><\/a>\n\t\t\t<\/dt>\n\t\t\t\t<div class=\"gallery-caption__wrapper\"><dd class='wp-caption-text gallery-caption' id='gallery-1-3053'>\n\t\t\t\tGonz\u00e1lez, M. (2014) Casa en Santa Alejandrina, [Fotograf\u00eda], Santa Alejandrina\n\t\t\t\t<\/dd><\/div><\/dl><dl class='gallery-item masonry-item'>\n\t\t\t<dt class='gallery-icon landscape'>\n\t\t\t\t<a data-fancybox=\"colibri-2600-c9-group\" href='https:\/\/etnografia.inah.gob.mx\/wp-content\/uploads\/2022\/05\/Uribe-M.-2007-Celebracion-de-la-Candelaria-en-la-rivera-del-rio-Coatzacoalcos-Formato-JEPG-Fotografia-Minatitlan.jpg'><img loading=\"lazy\" decoding=\"async\"  width=\"300\" height=\"198\" src=\"https:\/\/etnografia.inah.gob.mx\/wp-content\/uploads\/2022\/05\/Uribe-M.-2007-Celebracion-de-la-Candelaria-en-la-rivera-del-rio-Coatzacoalcos-Formato-JEPG-Fotografia-Minatitlan-300x198.jpg\"  class='colibri-2600-c9-image' alt=\"\" aria-describedby=\"gallery-1-3057\" srcset=\"https:\/\/etnografia.inah.gob.mx\/wp-content\/uploads\/2022\/05\/Uribe-M.-2007-Celebracion-de-la-Candelaria-en-la-rivera-del-rio-Coatzacoalcos-Formato-JEPG-Fotografia-Minatitlan-300x198.jpg 300w, https:\/\/etnografia.inah.gob.mx\/wp-content\/uploads\/2022\/05\/Uribe-M.-2007-Celebracion-de-la-Candelaria-en-la-rivera-del-rio-Coatzacoalcos-Formato-JEPG-Fotografia-Minatitlan-1024x676.jpg 1024w, https:\/\/etnografia.inah.gob.mx\/wp-content\/uploads\/2022\/05\/Uribe-M.-2007-Celebracion-de-la-Candelaria-en-la-rivera-del-rio-Coatzacoalcos-Formato-JEPG-Fotografia-Minatitlan-768x507.jpg 768w, https:\/\/etnografia.inah.gob.mx\/wp-content\/uploads\/2022\/05\/Uribe-M.-2007-Celebracion-de-la-Candelaria-en-la-rivera-del-rio-Coatzacoalcos-Formato-JEPG-Fotografia-Minatitlan.jpg 1090w\" sizes=\"auto, (max-width: 300px) 100vw, 300px\" \/><\/a>\n\t\t\t<\/dt>\n\t\t\t\t<div class=\"gallery-caption__wrapper\"><dd class='wp-caption-text gallery-caption' id='gallery-1-3057'>\n\t\t\t\tUribe, M. (2007) Celebraci\u00f3n de la Candelaria en la rivera del r\u00edo Coatzacoalcos, [Formato JEPG, Fotograf\u00eda], Minatitl\u00e1n\n\t\t\t\t<\/dd><\/div><\/dl><dl class='gallery-item masonry-item'>\n\t\t\t<dt class='gallery-icon landscape'>\n\t\t\t\t<a data-fancybox=\"colibri-2600-c9-group\" href='https:\/\/etnografia.inah.gob.mx\/wp-content\/uploads\/2022\/05\/Moreno.jpg'><img loading=\"lazy\" decoding=\"async\"  width=\"300\" height=\"199\" src=\"https:\/\/etnografia.inah.gob.mx\/wp-content\/uploads\/2022\/05\/Moreno-300x199.jpg\"  class='colibri-2600-c9-image' alt=\"\" aria-describedby=\"gallery-1-3064\" srcset=\"https:\/\/etnografia.inah.gob.mx\/wp-content\/uploads\/2022\/05\/Moreno-300x199.jpg 300w, https:\/\/etnografia.inah.gob.mx\/wp-content\/uploads\/2022\/05\/Moreno-768x509.jpg 768w, https:\/\/etnografia.inah.gob.mx\/wp-content\/uploads\/2022\/05\/Moreno.jpg 1000w\" sizes=\"auto, (max-width: 300px) 100vw, 300px\" \/><\/a>\n\t\t\t<\/dt>\n\t\t\t\t<div class=\"gallery-caption__wrapper\"><dd class='wp-caption-text gallery-caption' id='gallery-1-3064'>\n\t\t\t\tMoreno, R. (2015) Boulevard por la noche [Fotograf\u00eda] Minatitl\u00e1n\n\t\t\t\t<\/dd><\/div><\/dl><dl class='gallery-item masonry-item'>\n\t\t\t<dt class='gallery-icon landscape'>\n\t\t\t\t<a data-fancybox=\"colibri-2600-c9-group\" href='https:\/\/etnografia.inah.gob.mx\/wp-content\/uploads\/2022\/05\/Moreno-R.-2015-Calle-en-la-zona-centro-Fotografia-Cosoleacaque.jpg'><img loading=\"lazy\" decoding=\"async\"  width=\"300\" height=\"199\" src=\"https:\/\/etnografia.inah.gob.mx\/wp-content\/uploads\/2022\/05\/Moreno-R.-2015-Calle-en-la-zona-centro-Fotografia-Cosoleacaque-300x199.jpg\"  class='colibri-2600-c9-image' alt=\"\" aria-describedby=\"gallery-1-3078\" srcset=\"https:\/\/etnografia.inah.gob.mx\/wp-content\/uploads\/2022\/05\/Moreno-R.-2015-Calle-en-la-zona-centro-Fotografia-Cosoleacaque-300x199.jpg 300w, https:\/\/etnografia.inah.gob.mx\/wp-content\/uploads\/2022\/05\/Moreno-R.-2015-Calle-en-la-zona-centro-Fotografia-Cosoleacaque-1024x680.jpg 1024w, https:\/\/etnografia.inah.gob.mx\/wp-content\/uploads\/2022\/05\/Moreno-R.-2015-Calle-en-la-zona-centro-Fotografia-Cosoleacaque-768x510.jpg 768w, https:\/\/etnografia.inah.gob.mx\/wp-content\/uploads\/2022\/05\/Moreno-R.-2015-Calle-en-la-zona-centro-Fotografia-Cosoleacaque.jpg 1187w\" sizes=\"auto, (max-width: 300px) 100vw, 300px\" \/><\/a>\n\t\t\t<\/dt>\n\t\t\t\t<div class=\"gallery-caption__wrapper\"><dd class='wp-caption-text gallery-caption' id='gallery-1-3078'>\n\t\t\t\tMoreno, R. (2015) Calle en la zona centro [Fotograf\u00eda] Cosoleacaque\n\t\t\t\t<\/dd><\/div><\/dl><dl class='gallery-item masonry-item'>\n\t\t\t<dt class='gallery-icon landscape'>\n\t\t\t\t<a data-fancybox=\"colibri-2600-c9-group\" href='https:\/\/etnografia.inah.gob.mx\/wp-content\/uploads\/2022\/05\/Moreno-R.-2015-Vendedoras-zapotecas-en-el-mercado-fotografia-Minatitlan.jpg'><img loading=\"lazy\" decoding=\"async\"  width=\"300\" height=\"199\" src=\"https:\/\/etnografia.inah.gob.mx\/wp-content\/uploads\/2022\/05\/Moreno-R.-2015-Vendedoras-zapotecas-en-el-mercado-fotografia-Minatitlan-300x199.jpg\"  class='colibri-2600-c9-image' alt=\"\" aria-describedby=\"gallery-1-3079\" srcset=\"https:\/\/etnografia.inah.gob.mx\/wp-content\/uploads\/2022\/05\/Moreno-R.-2015-Vendedoras-zapotecas-en-el-mercado-fotografia-Minatitlan-300x199.jpg 300w, https:\/\/etnografia.inah.gob.mx\/wp-content\/uploads\/2022\/05\/Moreno-R.-2015-Vendedoras-zapotecas-en-el-mercado-fotografia-Minatitlan-1024x681.jpg 1024w, https:\/\/etnografia.inah.gob.mx\/wp-content\/uploads\/2022\/05\/Moreno-R.-2015-Vendedoras-zapotecas-en-el-mercado-fotografia-Minatitlan-768x511.jpg 768w, https:\/\/etnografia.inah.gob.mx\/wp-content\/uploads\/2022\/05\/Moreno-R.-2015-Vendedoras-zapotecas-en-el-mercado-fotografia-Minatitlan.jpg 1185w\" sizes=\"auto, (max-width: 300px) 100vw, 300px\" \/><\/a>\n\t\t\t<\/dt>\n\t\t\t\t<div class=\"gallery-caption__wrapper\"><dd class='wp-caption-text gallery-caption' id='gallery-1-3079'>\n\t\t\t\tMoreno, R. (2015) Vendedoras zapotecas en el mercado [fotograf\u00eda] Minatitl\u00e1n\n\t\t\t\t<\/dd><\/div><\/dl><dl class='gallery-item masonry-item'>\n\t\t\t<dt class='gallery-icon landscape'>\n\t\t\t\t<a data-fancybox=\"colibri-2600-c9-group\" href='https:\/\/etnografia.inah.gob.mx\/wp-content\/uploads\/2022\/05\/Uribe-M.-2009-Peregrinacion-de-nahuas-en-la-mayordomia-al-Cristo-de-Cosoleacaque-Formato-JPG-Fotografia-Cosoleacaque.jpg'><img loading=\"lazy\" decoding=\"async\"  width=\"300\" height=\"191\" src=\"https:\/\/etnografia.inah.gob.mx\/wp-content\/uploads\/2022\/05\/Uribe-M.-2009-Peregrinacion-de-nahuas-en-la-mayordomia-al-Cristo-de-Cosoleacaque-Formato-JPG-Fotografia-Cosoleacaque-300x191.jpg\"  class='colibri-2600-c9-image' alt=\"\" aria-describedby=\"gallery-1-3080\" srcset=\"https:\/\/etnografia.inah.gob.mx\/wp-content\/uploads\/2022\/05\/Uribe-M.-2009-Peregrinacion-de-nahuas-en-la-mayordomia-al-Cristo-de-Cosoleacaque-Formato-JPG-Fotografia-Cosoleacaque-300x191.jpg 300w, https:\/\/etnografia.inah.gob.mx\/wp-content\/uploads\/2022\/05\/Uribe-M.-2009-Peregrinacion-de-nahuas-en-la-mayordomia-al-Cristo-de-Cosoleacaque-Formato-JPG-Fotografia-Cosoleacaque-1024x653.jpg 1024w, https:\/\/etnografia.inah.gob.mx\/wp-content\/uploads\/2022\/05\/Uribe-M.-2009-Peregrinacion-de-nahuas-en-la-mayordomia-al-Cristo-de-Cosoleacaque-Formato-JPG-Fotografia-Cosoleacaque-768x490.jpg 768w, https:\/\/etnografia.inah.gob.mx\/wp-content\/uploads\/2022\/05\/Uribe-M.-2009-Peregrinacion-de-nahuas-en-la-mayordomia-al-Cristo-de-Cosoleacaque-Formato-JPG-Fotografia-Cosoleacaque.jpg 1126w\" sizes=\"auto, (max-width: 300px) 100vw, 300px\" \/><\/a>\n\t\t\t<\/dt>\n\t\t\t\t<div class=\"gallery-caption__wrapper\"><dd class='wp-caption-text gallery-caption' id='gallery-1-3080'>\n\t\t\t\tUribe, M. (2009) Peregrinaci\u00f3n de nahuas en la mayordom\u00eda al Cristo de Cosoleacaque, [Formato JPG, Fotograf\u00eda] Cosoleacaque\n\t\t\t\t<\/dd><\/div><\/dl>\n\t\t\t\n\t\t<\/div>\n<style>#colibri-2600-c9 .wp-caption-text.gallery-caption{display:none;}<\/style><\/div><\/div>\n                <\/div>\n              <\/div>\n            <\/div>\n          <\/div>\n        <\/div>\n      <\/div>\n    <\/div>\n  <\/div>\n<\/div>","protected":false},"excerpt":{"rendered":"<p>L\u00ednea de investigaci\u00f3n: Diversidad cultural, identidad y memoria en el contexto de los problemas nacionales Eje: Patrimonios en riesgo y procesos de patrimonializaci\u00f3n Nombre de proyecto: El Patrimonio cultural en riesgo en la cuenca del r\u00edo Coatzacoalcos del Istmo Veracruzano ante los procesos de industrializaci\u00f3n y megaproyectos Palabras clave: Patrimonio, Riesgo, Saberes locales, Territorio, Regi\u00f3n. [&hellip;]<\/p>\n","protected":false},"author":1,"featured_media":0,"parent":0,"menu_order":0,"comment_status":"closed","ping_status":"closed","template":"page-templates\/full-width-page.php","meta":{"footnotes":""},"class_list":["post-2600","page","type-page","status-publish","hentry"],"_links":{"self":[{"href":"https:\/\/etnografia.inah.gob.mx\/index.php?rest_route=\/wp\/v2\/pages\/2600","targetHints":{"allow":["GET"]}}],"collection":[{"href":"https:\/\/etnografia.inah.gob.mx\/index.php?rest_route=\/wp\/v2\/pages"}],"about":[{"href":"https:\/\/etnografia.inah.gob.mx\/index.php?rest_route=\/wp\/v2\/types\/page"}],"author":[{"embeddable":true,"href":"https:\/\/etnografia.inah.gob.mx\/index.php?rest_route=\/wp\/v2\/users\/1"}],"replies":[{"embeddable":true,"href":"https:\/\/etnografia.inah.gob.mx\/index.php?rest_route=%2Fwp%2Fv2%2Fcomments&post=2600"}],"version-history":[{"count":4,"href":"https:\/\/etnografia.inah.gob.mx\/index.php?rest_route=\/wp\/v2\/pages\/2600\/revisions"}],"predecessor-version":[{"id":3083,"href":"https:\/\/etnografia.inah.gob.mx\/index.php?rest_route=\/wp\/v2\/pages\/2600\/revisions\/3083"}],"wp:attachment":[{"href":"https:\/\/etnografia.inah.gob.mx\/index.php?rest_route=%2Fwp%2Fv2%2Fmedia&parent=2600"}],"curies":[{"name":"wp","href":"https:\/\/api.w.org\/{rel}","templated":true}]}}