{"id":2565,"date":"2022-04-27T18:09:00","date_gmt":"2022-04-27T23:09:00","guid":{"rendered":"https:\/\/etnografia.convocatoriaprone.mx\/?page_id=2565"},"modified":"2022-05-03T16:49:35","modified_gmt":"2022-05-03T21:49:35","slug":"3-ecosalud-alimentacion-y-estrategias-adaptativas-en-la-sierra-tarahumara","status":"publish","type":"page","link":"https:\/\/etnografia.inah.gob.mx\/?page_id=2565","title":{"rendered":"3. Ecosalud, alimentaci\u00f3n y estrategias adaptativas en la sierra Tarahumara"},"content":{"rendered":"<div data-colibri-id=\"2565-c1\" class=\"style-1341 style-local-2565-c1 position-relative\">\n  <!---->\n  <div data-colibri-component=\"section\" data-colibri-id=\"2565-c5\" id=\"reusable-sections\" class=\"h-section h-section-global-spacing d-flex align-items-lg-center align-items-md-center align-items-center style-1345 style-local-2565-c5 position-relative\">\n    <!---->\n    <!---->\n    <div class=\"h-section-grid-container h-section-boxed-container\">\n      <!---->\n      <div data-colibri-id=\"2565-c6\" class=\"h-row-container gutters-row-lg-2 gutters-row-md-2 gutters-row-0 gutters-row-v-lg-2 gutters-row-v-md-2 gutters-row-v-2 style-1346 style-local-2565-c6 position-relative\">\n        <!---->\n        <div class=\"h-row justify-content-lg-center justify-content-md-center justify-content-center align-items-lg-stretch align-items-md-stretch align-items-stretch gutters-col-lg-2 gutters-col-md-2 gutters-col-0 gutters-col-v-lg-2 gutters-col-v-md-2 gutters-col-v-2\">\n          <!---->\n          <div class=\"h-column h-column-container d-flex h-col-lg-auto h-col-md-auto h-col-auto style-1347-outer style-local-2565-c7-outer\">\n            <div data-colibri-id=\"2565-c7\" class=\"d-flex h-flex-basis h-column__inner h-px-lg-2 h-px-md-2 h-px-2 v-inner-lg-2 v-inner-md-2 v-inner-2 style-1347 style-local-2565-c7 position-relative\">\n              <!---->\n              <!---->\n              <div class=\"w-100 h-y-container h-column__content h-column__v-align flex-basis-100 align-self-lg-start align-self-md-start align-self-start\">\n                <!---->\n                <div data-colibri-id=\"2565-c8\" data-aos=\"zoomIn\" class=\"h-text h-text-component style-1348 style-local-2565-c8 position-relative h-element\">\n                  <!---->\n                  <!---->\n                  <div class=\"\">\n                    <p><strong style=\"font-size: 98%; font-family: Montserrat, sans-serif; color: rgb(0, 0, 0); font-weight: 400;\">L\u00ednea de investigaci\u00f3n<em>: Diversidad cultural, identidad y memoria en el contexto de los problemas nacionales<\/em><\/strong><\/p>\n                    <p><strong style=\"font-size: 98%; font-family: Montserrat, sans-serif; color: rgb(0, 0, 0); font-weight: 400;\">Eje: <em>Diversidad cultural, conflicto y agencia ante los problemas nacionales<\/em><\/strong><\/p>\n                    <p><strong style=\"font-size: 98%; font-family: Montserrat, sans-serif; color: rgb(0, 0, 0); font-weight: 400;\">Nombre de proyecto: <em>Ecosalud, alimentaci\u00f3n y estrategias adaptativas en la Sierra Tarahumara<\/em><\/strong><\/p>\n                    <p><strong style=\"font-size: 98%; font-family: Montserrat, sans-serif; color: rgb(0, 0, 0); font-weight: 400;\">Palabras clave: <em>Alimentaci\u00f3n, Adaptaci\u00f3n, Ecosalud, Creel<\/em><\/strong><\/p>\n                    <p><strong style=\"font-size: 98%; font-family: Montserrat, sans-serif; color: rgb(0, 0, 0); font-weight: 400;\">Se busca reconocer las interacciones entre el ecosistema y el sistema social de los grupos humanos que habitan en la localidad de Creel, municipio de Bocoyna Chihuahua, tomando como eje la alimentaci\u00f3n como proceso biocultural complejo y determinante clave en la sobrevivencia y salud de los grupos humanos. Bajo una perspectiva ecosist\u00e9mica de la salud (ecosalud), que permite una aproximaci\u00f3n desde y con los actores para lograr reconocer y resaltar la capacidad adaptativa y la agencia de los distintos grupos culturales.<\/strong><\/p>\n                    <p><strong style=\"font-size: 98%; font-family: Montserrat, sans-serif; color: rgb(0, 0, 0); font-weight: 400;\">Responsable de proyecto<\/strong><\/p>\n                    <p><strong style=\"font-size: 98%; font-family: Montserrat, sans-serif; color: rgb(0, 0, 0); font-weight: 400;\">Paulina Renee Mundo G\u00f3mez<\/strong><\/p>\n                    <p><strong style=\"font-size: 98%; font-family: Montserrat, sans-serif; color: rgb(0, 0, 0); font-weight: 400;\">paulina_mundo@inah.gob.mx<\/strong><\/p>\n                    <p><strong style=\"font-size: 98%; font-family: Montserrat, sans-serif; color: rgb(0, 0, 0); font-weight: 400;\">Escuela de Antropolog\u00eda e Historia del Norte de M\u00e9xico<\/strong><\/p>\n                    <p><strong style=\"font-size: 98%; font-family: Montserrat, sans-serif; color: rgb(0, 0, 0); font-weight: 400;\">Blanca Lilia Mart\u00ednez de Le\u00f3n M\u00e1rmol<\/strong><\/p>\n                    <p><strong style=\"font-size: 98%; font-family: Montserrat, sans-serif; color: rgb(0, 0, 0); font-weight: 400;\">blanchuzca@hotmail.com<\/strong><\/p>\n                    <p><strong style=\"font-size: 98%; font-family: Montserrat, sans-serif; color: rgb(0, 0, 0); font-weight: 400;\">Direcci\u00f3n de Antropolog\u00eda F\u00edsica<\/strong><\/p>\n                    <p><strong style=\"font-size: 98%; font-family: Montserrat, sans-serif; color: rgb(0, 0, 0); font-weight: 400;\">&nbsp;Daniel Calder\u00f3n Carrillo<\/strong><\/p>\n                    <p><strong style=\"font-size: 98%; font-family: Montserrat, sans-serif; color: rgb(0, 0, 0); font-weight: 400;\">calderon.daniel@protonmail.com<\/strong><\/p>\n                    <p><strong style=\"font-size: 98%; font-family: Montserrat, sans-serif; color: rgb(0, 0, 0); font-weight: 400;\">Escuela de Antropolog\u00eda e Historia del Norte de M\u00e9xico<\/strong><\/p>\n                    <p><strong style=\"font-size: 98%; font-family: Montserrat, sans-serif; color: rgb(0, 0, 0); font-weight: 400;\">Rafael Ortega Sinaloa<\/strong><\/p>\n                    <p><strong style=\"font-size: 98%; font-family: Montserrat, sans-serif; color: rgb(0, 0, 0); font-weight: 400;\">raforestin@gmail.com<\/strong><\/p>\n                    <p><strong style=\"font-size: 98%; font-family: Montserrat, sans-serif; color: rgb(0, 0, 0); font-weight: 400;\">Escuela de Antropolog\u00eda e Historia del Norte de M\u00e9xico<\/strong><\/p>\n                  <\/div>\n                <\/div>\n              <\/div>\n            <\/div>\n          <\/div>\n        <\/div>\n      <\/div>\n    <\/div>\n  <\/div>\n  <div data-colibri-component=\"section\" data-colibri-id=\"2565-c9\" id=\"reusable-sections-2\" class=\"h-section h-section-global-spacing d-flex align-items-lg-center align-items-md-center align-items-center style-1349 style-local-2565-c9 position-relative\">\n    <!---->\n    <!---->\n    <div class=\"h-section-grid-container h-section-boxed-container\">\n      <!---->\n      <div data-colibri-id=\"2565-c10\" class=\"h-row-container gutters-row-lg-2 gutters-row-md-2 gutters-row-0 gutters-row-v-lg-2 gutters-row-v-md-2 gutters-row-v-2 style-1350 style-local-2565-c10 position-relative\">\n        <!---->\n        <div class=\"h-row justify-content-lg-center justify-content-md-center justify-content-center align-items-lg-stretch align-items-md-stretch align-items-stretch gutters-col-lg-2 gutters-col-md-2 gutters-col-0 gutters-col-v-lg-2 gutters-col-v-md-2 gutters-col-v-2\">\n          <!---->\n          <div class=\"h-column h-column-container d-flex h-col-lg-auto h-col-md-auto h-col-auto style-1351-outer style-local-2565-c11-outer\">\n            <div data-colibri-id=\"2565-c11\" class=\"d-flex h-flex-basis h-column__inner h-px-lg-2 h-px-md-2 h-px-2 v-inner-lg-2 v-inner-md-2 v-inner-2 style-1351 style-local-2565-c11 position-relative\">\n              <!---->\n              <!---->\n              <div class=\"w-100 h-y-container h-column__content h-column__v-align flex-basis-100 align-self-lg-start align-self-md-start align-self-start\">\n                <!---->\n                <div data-colibri-component=\"masonry\" data-colibri-id=\"2565-c12\" class=\"h-photo-gallery margin-none caption-overImage full-width caption-vertical-align-bottom photo-gallery--with-hover-effect photo-gallery--with-hover-effect--glow style-1352 style-local-2565-c12 position-relative h-element\">\n                  <!---->\n                  <div class=\"h-global-transition-all caption-wrapper-full\"><div id='colibri-2565-c12' class='gallery-wrapper'>    <style type=\"text\/css\">\n\n        @media (min-width: 1023px) {        #colibri-2565-c12        dl {\n            float: left;\n            width: 33.333333333333% !important;\n            max-width: 33.333333333333% !important;\n            min-width: 33.333333333333% !important;\n        }\n\n        #colibri-2565-c12        dl:nth-of-type(3n +1 ) {\n            clear: both;\n        }\n\n        }@media (min-width: 768px) and (max-width: 1023px) {        #colibri-2565-c12        dl {\n            float: left;\n            width: 33.333333333333% !important;\n            max-width: 33.333333333333% !important;\n            min-width: 33.333333333333% !important;\n        }\n\n        #colibri-2565-c12        dl:nth-of-type(3n +1 ) {\n            clear: both;\n        }\n\n        }@media (max-width: 767px) {        #colibri-2565-c12        dl {\n            float: left;\n            width: 33.333333333333% !important;\n            max-width: 33.333333333333% !important;\n            min-width: 33.333333333333% !important;\n        }\n\n        #colibri-2565-c12        dl:nth-of-type(3n +1 ) {\n            clear: both;\n        }\n\n        }\n        #colibri-2565-c12        .gallery-item {\n            position: relative;\n        }\n\n        \n    <\/style>\n    <div   class='colibri-2565-c12-dls-wrapper gallery-items-wrapper' ><dl class='gallery-item masonry-item'>\n\t\t\t<dt class='gallery-icon landscape'>\n\t\t\t\t<a data-fancybox=\"colibri-2565-c12-group\" href='https:\/\/etnografia.inah.gob.mx\/wp-content\/uploads\/2022\/05\/1.-Los-caminos-en-la-Sierra.-Creel-Chihuahua-2018.-Fotografia.-Paulina-Mundo-2.jpg'><img loading=\"lazy\" decoding=\"async\"  width=\"300\" height=\"169\" src=\"https:\/\/etnografia.inah.gob.mx\/wp-content\/uploads\/2022\/05\/1.-Los-caminos-en-la-Sierra.-Creel-Chihuahua-2018.-Fotografia.-Paulina-Mundo-2-300x169.jpg\"  class='colibri-2565-c12-image' alt=\"\" aria-describedby=\"gallery-1-2766\" srcset=\"https:\/\/etnografia.inah.gob.mx\/wp-content\/uploads\/2022\/05\/1.-Los-caminos-en-la-Sierra.-Creel-Chihuahua-2018.-Fotografia.-Paulina-Mundo-2-300x169.jpg 300w, https:\/\/etnografia.inah.gob.mx\/wp-content\/uploads\/2022\/05\/1.-Los-caminos-en-la-Sierra.-Creel-Chihuahua-2018.-Fotografia.-Paulina-Mundo-2-1024x576.jpg 1024w, https:\/\/etnografia.inah.gob.mx\/wp-content\/uploads\/2022\/05\/1.-Los-caminos-en-la-Sierra.-Creel-Chihuahua-2018.-Fotografia.-Paulina-Mundo-2-768x432.jpg 768w, https:\/\/etnografia.inah.gob.mx\/wp-content\/uploads\/2022\/05\/1.-Los-caminos-en-la-Sierra.-Creel-Chihuahua-2018.-Fotografia.-Paulina-Mundo-2.jpg 1280w\" sizes=\"auto, (max-width: 300px) 100vw, 300px\" \/><\/a>\n\t\t\t<\/dt>\n\t\t\t\t<div class=\"gallery-caption__wrapper\"><dd class='wp-caption-text gallery-caption' id='gallery-1-2766'>\n\t\t\t\tLos caminos en la Sierra. Creel, Chihuahua, 2018. Fotograf\u00eda. Paulina Mundo\n\t\t\t\t<\/dd><\/div><\/dl><dl class='gallery-item masonry-item'>\n\t\t\t<dt class='gallery-icon landscape'>\n\t\t\t\t<a data-fancybox=\"colibri-2565-c12-group\" href='https:\/\/etnografia.inah.gob.mx\/wp-content\/uploads\/2022\/05\/3.-Entre-milpas-y-caballos.-Humachique-Chihuahua-2018.-Daniel-Calderon-1-2.jpg'><img loading=\"lazy\" decoding=\"async\"  width=\"300\" height=\"225\" src=\"https:\/\/etnografia.inah.gob.mx\/wp-content\/uploads\/2022\/05\/3.-Entre-milpas-y-caballos.-Humachique-Chihuahua-2018.-Daniel-Calderon-1-2-300x225.jpg\"  class='colibri-2565-c12-image' alt=\"\" aria-describedby=\"gallery-1-2768\" srcset=\"https:\/\/etnografia.inah.gob.mx\/wp-content\/uploads\/2022\/05\/3.-Entre-milpas-y-caballos.-Humachique-Chihuahua-2018.-Daniel-Calderon-1-2-300x225.jpg 300w, https:\/\/etnografia.inah.gob.mx\/wp-content\/uploads\/2022\/05\/3.-Entre-milpas-y-caballos.-Humachique-Chihuahua-2018.-Daniel-Calderon-1-2-1024x768.jpg 1024w, https:\/\/etnografia.inah.gob.mx\/wp-content\/uploads\/2022\/05\/3.-Entre-milpas-y-caballos.-Humachique-Chihuahua-2018.-Daniel-Calderon-1-2-768x576.jpg 768w, https:\/\/etnografia.inah.gob.mx\/wp-content\/uploads\/2022\/05\/3.-Entre-milpas-y-caballos.-Humachique-Chihuahua-2018.-Daniel-Calderon-1-2-1536x1152.jpg 1536w, https:\/\/etnografia.inah.gob.mx\/wp-content\/uploads\/2022\/05\/3.-Entre-milpas-y-caballos.-Humachique-Chihuahua-2018.-Daniel-Calderon-1-2-2048x1536.jpg 2048w\" sizes=\"auto, (max-width: 300px) 100vw, 300px\" \/><\/a>\n\t\t\t<\/dt>\n\t\t\t\t<div class=\"gallery-caption__wrapper\"><dd class='wp-caption-text gallery-caption' id='gallery-1-2768'>\n\t\t\t\tEntre milpas y caballos. Humachique, Chihuahua, 2018. Daniel Calder\u00f3n \n\t\t\t\t<\/dd><\/div><\/dl><dl class='gallery-item masonry-item'>\n\t\t\t<dt class='gallery-icon portrait'>\n\t\t\t\t<a data-fancybox=\"colibri-2565-c12-group\" href='https:\/\/etnografia.inah.gob.mx\/wp-content\/uploads\/2022\/05\/5.-Genoveva-con-sus-hijas.-Cusarare-Chihuahua-2018.-Fotografia-digital-JPG_-Rafael-Ortega-Sinaloa-2-scaled.jpg'><img loading=\"lazy\" decoding=\"async\"  width=\"225\" height=\"300\" src=\"https:\/\/etnografia.inah.gob.mx\/wp-content\/uploads\/2022\/05\/5.-Genoveva-con-sus-hijas.-Cusarare-Chihuahua-2018.-Fotografia-digital-JPG_-Rafael-Ortega-Sinaloa-2-225x300.jpg\"  class='colibri-2565-c12-image' alt=\"\" aria-describedby=\"gallery-1-2769\" srcset=\"https:\/\/etnografia.inah.gob.mx\/wp-content\/uploads\/2022\/05\/5.-Genoveva-con-sus-hijas.-Cusarare-Chihuahua-2018.-Fotografia-digital-JPG_-Rafael-Ortega-Sinaloa-2-225x300.jpg 225w, https:\/\/etnografia.inah.gob.mx\/wp-content\/uploads\/2022\/05\/5.-Genoveva-con-sus-hijas.-Cusarare-Chihuahua-2018.-Fotografia-digital-JPG_-Rafael-Ortega-Sinaloa-2-768x1024.jpg 768w, https:\/\/etnografia.inah.gob.mx\/wp-content\/uploads\/2022\/05\/5.-Genoveva-con-sus-hijas.-Cusarare-Chihuahua-2018.-Fotografia-digital-JPG_-Rafael-Ortega-Sinaloa-2-1152x1536.jpg 1152w, https:\/\/etnografia.inah.gob.mx\/wp-content\/uploads\/2022\/05\/5.-Genoveva-con-sus-hijas.-Cusarare-Chihuahua-2018.-Fotografia-digital-JPG_-Rafael-Ortega-Sinaloa-2-1536x2048.jpg 1536w, https:\/\/etnografia.inah.gob.mx\/wp-content\/uploads\/2022\/05\/5.-Genoveva-con-sus-hijas.-Cusarare-Chihuahua-2018.-Fotografia-digital-JPG_-Rafael-Ortega-Sinaloa-2-scaled.jpg 1920w\" sizes=\"auto, (max-width: 225px) 100vw, 225px\" \/><\/a>\n\t\t\t<\/dt>\n\t\t\t\t<div class=\"gallery-caption__wrapper\"><dd class='wp-caption-text gallery-caption' id='gallery-1-2769'>\n\t\t\t\tGenoveva con sus hijas. Cus\u00e1rare, Chihuahua 2018. Fotograf\u00eda d\u00edgital JPG_ Rafael Ortega Sinaloa\n\t\t\t\t<\/dd><\/div><\/dl><dl class='gallery-item masonry-item'>\n\t\t\t<dt class='gallery-icon landscape'>\n\t\t\t\t<a data-fancybox=\"colibri-2565-c12-group\" href='https:\/\/etnografia.inah.gob.mx\/wp-content\/uploads\/2022\/05\/6.-La-vendimia-en-la-placita.-Creel-Chihuahua-2019.-Fotografia_2-scaled.jpg'><img loading=\"lazy\" decoding=\"async\"  width=\"300\" height=\"225\" src=\"https:\/\/etnografia.inah.gob.mx\/wp-content\/uploads\/2022\/05\/6.-La-vendimia-en-la-placita.-Creel-Chihuahua-2019.-Fotografia_2-300x225.jpg\"  class='colibri-2565-c12-image' alt=\"\" aria-describedby=\"gallery-1-2772\" srcset=\"https:\/\/etnografia.inah.gob.mx\/wp-content\/uploads\/2022\/05\/6.-La-vendimia-en-la-placita.-Creel-Chihuahua-2019.-Fotografia_2-300x225.jpg 300w, https:\/\/etnografia.inah.gob.mx\/wp-content\/uploads\/2022\/05\/6.-La-vendimia-en-la-placita.-Creel-Chihuahua-2019.-Fotografia_2-1024x768.jpg 1024w, https:\/\/etnografia.inah.gob.mx\/wp-content\/uploads\/2022\/05\/6.-La-vendimia-en-la-placita.-Creel-Chihuahua-2019.-Fotografia_2-768x576.jpg 768w, https:\/\/etnografia.inah.gob.mx\/wp-content\/uploads\/2022\/05\/6.-La-vendimia-en-la-placita.-Creel-Chihuahua-2019.-Fotografia_2-1536x1152.jpg 1536w, https:\/\/etnografia.inah.gob.mx\/wp-content\/uploads\/2022\/05\/6.-La-vendimia-en-la-placita.-Creel-Chihuahua-2019.-Fotografia_2-2048x1536.jpg 2048w\" sizes=\"auto, (max-width: 300px) 100vw, 300px\" \/><\/a>\n\t\t\t<\/dt>\n\t\t\t\t<div class=\"gallery-caption__wrapper\"><dd class='wp-caption-text gallery-caption' id='gallery-1-2772'>\n\t\t\t\tLa vendimia en la placita. Creel, Chihuahua, 2019. Fotograf\u00eda. Paulina Mundo\n\t\t\t\t<\/dd><\/div><\/dl><dl class='gallery-item masonry-item'>\n\t\t\t<dt class='gallery-icon landscape'>\n\t\t\t\t<a data-fancybox=\"colibri-2565-c12-group\" href='https:\/\/etnografia.inah.gob.mx\/wp-content\/uploads\/2022\/05\/2.-Sean-bienvenidos.-Creel-Chihuahua-2018.-Fotografia-2-scaled.jpg'><img loading=\"lazy\" decoding=\"async\"  width=\"300\" height=\"225\" src=\"https:\/\/etnografia.inah.gob.mx\/wp-content\/uploads\/2022\/05\/2.-Sean-bienvenidos.-Creel-Chihuahua-2018.-Fotografia-2-300x225.jpg\"  class='colibri-2565-c12-image' alt=\"\" aria-describedby=\"gallery-1-2773\" srcset=\"https:\/\/etnografia.inah.gob.mx\/wp-content\/uploads\/2022\/05\/2.-Sean-bienvenidos.-Creel-Chihuahua-2018.-Fotografia-2-300x225.jpg 300w, https:\/\/etnografia.inah.gob.mx\/wp-content\/uploads\/2022\/05\/2.-Sean-bienvenidos.-Creel-Chihuahua-2018.-Fotografia-2-1024x768.jpg 1024w, https:\/\/etnografia.inah.gob.mx\/wp-content\/uploads\/2022\/05\/2.-Sean-bienvenidos.-Creel-Chihuahua-2018.-Fotografia-2-768x576.jpg 768w, https:\/\/etnografia.inah.gob.mx\/wp-content\/uploads\/2022\/05\/2.-Sean-bienvenidos.-Creel-Chihuahua-2018.-Fotografia-2-1536x1152.jpg 1536w, https:\/\/etnografia.inah.gob.mx\/wp-content\/uploads\/2022\/05\/2.-Sean-bienvenidos.-Creel-Chihuahua-2018.-Fotografia-2-2048x1536.jpg 2048w\" sizes=\"auto, (max-width: 300px) 100vw, 300px\" \/><\/a>\n\t\t\t<\/dt>\n\t\t\t\t<div class=\"gallery-caption__wrapper\"><dd class='wp-caption-text gallery-caption' id='gallery-1-2773'>\n\t\t\t\tSean bienvenidos. Creel, Chihuahua, 2018. Fotograf\u00eda. Paulina Mundo\n\t\t\t\t<\/dd><\/div><\/dl>\n\t\t\t\n\t\t<\/div>\n<style>#colibri-2565-c12 .wp-caption-text.gallery-caption{display:none;}<\/style><\/div><\/div>\n                <\/div>\n              <\/div>\n            <\/div>\n          <\/div>\n        <\/div>\n      <\/div>\n    <\/div>\n  <\/div>\n<\/div>","protected":false},"excerpt":{"rendered":"<p>L\u00ednea de investigaci\u00f3n: Diversidad cultural, identidad y memoria en el contexto de los problemas nacionales Eje: Diversidad cultural, conflicto y agencia ante los problemas nacionales Nombre de proyecto: Ecosalud, alimentaci\u00f3n y estrategias adaptativas en la Sierra Tarahumara Palabras clave: Alimentaci\u00f3n, Adaptaci\u00f3n, Ecosalud, Creel Se busca reconocer las interacciones entre el ecosistema y el sistema social [&hellip;]<\/p>\n","protected":false},"author":1,"featured_media":0,"parent":0,"menu_order":0,"comment_status":"closed","ping_status":"closed","template":"page-templates\/full-width-page.php","meta":{"footnotes":""},"class_list":["post-2565","page","type-page","status-publish","hentry"],"_links":{"self":[{"href":"https:\/\/etnografia.inah.gob.mx\/index.php?rest_route=\/wp\/v2\/pages\/2565","targetHints":{"allow":["GET"]}}],"collection":[{"href":"https:\/\/etnografia.inah.gob.mx\/index.php?rest_route=\/wp\/v2\/pages"}],"about":[{"href":"https:\/\/etnografia.inah.gob.mx\/index.php?rest_route=\/wp\/v2\/types\/page"}],"author":[{"embeddable":true,"href":"https:\/\/etnografia.inah.gob.mx\/index.php?rest_route=\/wp\/v2\/users\/1"}],"replies":[{"embeddable":true,"href":"https:\/\/etnografia.inah.gob.mx\/index.php?rest_route=%2Fwp%2Fv2%2Fcomments&post=2565"}],"version-history":[{"count":3,"href":"https:\/\/etnografia.inah.gob.mx\/index.php?rest_route=\/wp\/v2\/pages\/2565\/revisions"}],"predecessor-version":[{"id":2782,"href":"https:\/\/etnografia.inah.gob.mx\/index.php?rest_route=\/wp\/v2\/pages\/2565\/revisions\/2782"}],"wp:attachment":[{"href":"https:\/\/etnografia.inah.gob.mx\/index.php?rest_route=%2Fwp%2Fv2%2Fmedia&parent=2565"}],"curies":[{"name":"wp","href":"https:\/\/api.w.org\/{rel}","templated":true}]}}